{"id":132,"date":"2021-11-21T03:08:45","date_gmt":"2021-11-20T23:08:45","guid":{"rendered":"https:\/\/www.argoltda.cl\/web\/?page_id=132"},"modified":"2021-11-21T03:08:45","modified_gmt":"2021-11-20T23:08:45","slug":"historia","status":"publish","type":"page","link":"https:\/\/www.argoltda.cl\/web\/historia\/","title":{"rendered":"Historia"},"content":{"rendered":"\n<p>Argos Servicios Industriales Ltda., naci\u00f3 en el a\u00f1o 1996 con un car\u00e1cter s\u00f3lido en la determinaci\u00f3n y entrega de servicios.<\/p>\n\n\n\n<p>Desde sus comienzos Argo Ltda. se defini\u00f3 como una empresa comprometida con las necesidades del mundo industrial, haciendo de est\u00e1s mismas necesidades las metas que a diarios nos proponemos cumplir.<\/p>\n\n\n\n<p>Argo Ltda. surge en una de las regiones m\u00e1s industrializadas del pa\u00eds: la regi\u00f3n del B\u00edo-B\u00edo. El hecho de partir en esta regi\u00f3n es un factor motivante para el desarrollo productivo de la empresa; las exigencias que a diario surgen nos permite siempre ir a la vanguardia, entregando un servicio de alta calidad.<\/p>\n\n\n\n<p>El buen desempe\u00f1o de una empresa permite abrir nuevos mercados, es as\u00ed que Argo Ltda. expande sus servicios llegando a trabajar en el centro y norte del pa\u00eds, para empresas de la gran miner\u00eda del cobre.<\/p>\n\n\n\n<p>La tecnolog\u00eda y el personal calificado para la entrega de un servicio de calidad, sumado la experiencia y garant\u00eda en la entrega de un buen servicio, permite expandir a\u00fan m\u00e1s los mercados de una empresa, y es as\u00ed como Argo Ltda. el d\u00eda de hoy cumple funciones de servicios con maquinarias en M\u00e9xico.<\/p>\n","protected":false},"excerpt":{"rendered":"<p>Argos Servicios Industriales Ltda., naci\u00f3 en el a\u00f1o 1996 con un car\u00e1cter s\u00f3lido en la determinaci\u00f3n y entrega de servicios. Desde sus comienzos Argo Ltda. se defini\u00f3 como una empresa comprometida con las necesidades del mundo industrial, haciendo de est\u00e1s mismas necesidades las metas que a diarios nos proponemos cumplir. Argo Ltda. surge en una &hellip; <\/p>\n<p class=\"link-more\"><a href=\"https:\/\/www.argoltda.cl\/web\/historia\/\" class=\"more-link\">Continue reading<span class=\"screen-reader-text\"> &#8220;Historia&#8221;<\/span><\/a><\/p>\n","protected":false},"author":1,"featured_media":0,"parent":0,"menu_order":0,"comment_status":"closed","ping_status":"closed","template":"","meta":{"footnotes":""},"class_list":["post-132","page","type-page","status-publish","hentry"],"_links":{"self":[{"href":"https:\/\/www.argoltda.cl\/web\/wp-json\/wp\/v2\/pages\/132","targetHints":{"allow":["GET"]}}],"collection":[{"href":"https:\/\/www.argoltda.cl\/web\/wp-json\/wp\/v2\/pages"}],"about":[{"href":"https:\/\/www.argoltda.cl\/web\/wp-json\/wp\/v2\/types\/page"}],"author":[{"embeddable":true,"href":"https:\/\/www.argoltda.cl\/web\/wp-json\/wp\/v2\/users\/1"}],"replies":[{"embeddable":true,"href":"https:\/\/www.argoltda.cl\/web\/wp-json\/wp\/v2\/comments?post=132"}],"version-history":[{"count":1,"href":"https:\/\/www.argoltda.cl\/web\/wp-json\/wp\/v2\/pages\/132\/revisions"}],"predecessor-version":[{"id":133,"href":"https:\/\/www.argoltda.cl\/web\/wp-json\/wp\/v2\/pages\/132\/revisions\/133"}],"wp:attachment":[{"href":"https:\/\/www.argoltda.cl\/web\/wp-json\/wp\/v2\/media?parent=132"}],"curies":[{"name":"wp","href":"https:\/\/api.w.org\/{rel}","templated":true}]}}