{"id":124,"date":"2021-11-21T02:57:10","date_gmt":"2021-11-20T22:57:10","guid":{"rendered":"https:\/\/www.argoltda.cl\/web\/?page_id=124"},"modified":"2022-01-25T18:09:37","modified_gmt":"2022-01-25T14:09:37","slug":"limpiezas-quimicas","status":"publish","type":"page","link":"https:\/\/www.argoltda.cl\/web\/limpiezas-quimicas\/","title":{"rendered":"Limpiezas Qu\u00edmicas"},"content":{"rendered":"\n<div class=\"alignnormal\"><div id=\"metaslider-id-292\" style=\"width: 100%;\" class=\"ml-slider-3-96-0 metaslider metaslider-flex metaslider-292 ml-slider ms-theme-default\" role=\"region\" aria-roledescription=\"Slideshow\" aria-label=\"INICIO_ARGO\">\n    <div id=\"metaslider_container_292\">\n        <div id=\"metaslider_292\">\n            <ul class='slides'>\n                <li style=\"display: block; width: 100%;\" class=\"slide-301 ms-image \" aria-roledescription=\"slide\" aria-label=\"slide-301\" data-date=\"2021-12-23 02:52:00\"><a href=\"https:\/\/www.argoltda.cl\/web\/limpieza-con-agua-a-alta-presion\/\" target=\"_self\" class=\"metaslider_image_link\"><img loading=\"lazy\" decoding=\"async\" src=\"https:\/\/www.argoltda.cl\/web\/wp-content\/uploads\/2021\/12\/cropped-fittings-2784899-scaled-1-700x300.jpg\" height=\"300\" width=\"700\" alt=\"\" class=\"slider-292 slide-301\" title=\"cropped-fittings-2784899-scaled-1.jpg\" \/><\/a><\/li>\n                <li style=\"display: none; width: 100%;\" class=\"slide-302 ms-image \" aria-roledescription=\"slide\" aria-label=\"slide-302\" data-date=\"2021-12-23 02:54:03\"><a href=\"https:\/\/www.argoltda.cl\/web\/limpiezas-quimicas\/\" target=\"_self\" class=\"metaslider_image_link\"><img loading=\"lazy\" decoding=\"async\" src=\"https:\/\/www.argoltda.cl\/web\/wp-content\/uploads\/2021\/12\/refinery-3613522-scaled-700x300.jpg\" height=\"300\" width=\"700\" alt=\"\" class=\"slider-292 slide-302\" title=\"refinery-3613522\" \/><\/a><\/li>\n            <\/ul>\n        <\/div>\n        \n    <\/div>\n<\/div><\/div>\n\n\n\n<p>Uno de los m\u00e9todos m\u00e1s efectivos para eliminar incrustaciones y sedimentos grasos en superficies, es la Limpieza Qu\u00edmica. Este Servicio tiene la garant\u00eda de poder definir el tipo de qu\u00edmico a utilizar seg\u00fan la suciedad que se desea retirar y el material base.<\/p>\n\n\n\n<p>Para cumplir con este objetivo Argo Ing. Ltda. dispone de personal altamente calificado e infraestructura de gran calidad, comprometidos con cubrir de manera efectiva las necesidades de nuestros clientes.<\/p>\n","protected":false},"excerpt":{"rendered":"<p>Uno de los m\u00e9todos m\u00e1s efectivos para eliminar incrustaciones y sedimentos grasos en superficies, es la Limpieza Qu\u00edmica. Este Servicio tiene la garant\u00eda de poder definir el tipo de qu\u00edmico a utilizar seg\u00fan la suciedad que se desea retirar y el material base. Para cumplir con este objetivo Argo Ing. Ltda. dispone de personal altamente &hellip; <\/p>\n<p class=\"link-more\"><a href=\"https:\/\/www.argoltda.cl\/web\/limpiezas-quimicas\/\" class=\"more-link\">Continue reading<span class=\"screen-reader-text\"> &#8220;Limpiezas Qu\u00edmicas&#8221;<\/span><\/a><\/p>\n","protected":false},"author":1,"featured_media":0,"parent":0,"menu_order":0,"comment_status":"closed","ping_status":"closed","template":"","meta":{"footnotes":""},"class_list":["post-124","page","type-page","status-publish","hentry"],"_links":{"self":[{"href":"https:\/\/www.argoltda.cl\/web\/wp-json\/wp\/v2\/pages\/124","targetHints":{"allow":["GET"]}}],"collection":[{"href":"https:\/\/www.argoltda.cl\/web\/wp-json\/wp\/v2\/pages"}],"about":[{"href":"https:\/\/www.argoltda.cl\/web\/wp-json\/wp\/v2\/types\/page"}],"author":[{"embeddable":true,"href":"https:\/\/www.argoltda.cl\/web\/wp-json\/wp\/v2\/users\/1"}],"replies":[{"embeddable":true,"href":"https:\/\/www.argoltda.cl\/web\/wp-json\/wp\/v2\/comments?post=124"}],"version-history":[{"count":4,"href":"https:\/\/www.argoltda.cl\/web\/wp-json\/wp\/v2\/pages\/124\/revisions"}],"predecessor-version":[{"id":382,"href":"https:\/\/www.argoltda.cl\/web\/wp-json\/wp\/v2\/pages\/124\/revisions\/382"}],"wp:attachment":[{"href":"https:\/\/www.argoltda.cl\/web\/wp-json\/wp\/v2\/media?parent=124"}],"curies":[{"name":"wp","href":"https:\/\/api.w.org\/{rel}","templated":true}]}}